{"id":111,"date":"2021-08-17T13:40:42","date_gmt":"2021-08-17T13:40:42","guid":{"rendered":"https:\/\/joaobelo.com.br\/loja\/?post_type=product&#038;p=111"},"modified":"2024-05-17T14:44:35","modified_gmt":"2024-05-17T14:44:35","slug":"cartaz-menor-distancia","status":"publish","type":"product","link":"https:\/\/joaobelo.com.br\/loja\/produto\/cartaz-menor-distancia\/","title":{"rendered":"Cartaz &#8220;Menor dist\u00e2ncia&#8221;"},"content":{"rendered":"<p>Cartaz realizado para divulga\u00e7\u00e3o do quadrinho &#8220;A menor dist\u00e2ncia entre dois pontos \u00e9 uma fuga&#8221;<\/p>\n<p>Impresso em offset e tipografia<br \/>\nCartaz formato A3 \u2013 33x50cm<br \/>\nImpresso em papel offset 120g<\/p>\n","protected":false},"excerpt":{"rendered":"<p>Cartaz realizado para divulga\u00e7\u00e3o do quadrinho &#8220;A menor dist\u00e2ncia entre dois pontos \u00e9 uma fuga&#8221;<\/p>\n<p>Impresso em offset e tipografia<br \/>\nCartaz formato A3 \u2013 33x50cm<br \/>\nImpresso em papel offset 120g<\/p>\n<p><em>Obs.: Para facilitar o envio o cartaz ser\u00e1 enviado dobrado.\u00a0<\/em><\/p>\n","protected":false},"featured_media":112,"comment_status":"open","ping_status":"closed","template":"","meta":{"pagelayer_contact_templates":[],"_pagelayer_content":""},"product_brand":[],"product_cat":[21],"product_tag":[],"class_list":{"0":"post-111","1":"product","2":"type-product","3":"status-publish","4":"has-post-thumbnail","6":"product_cat-cartazes","7":"product_shipping_class-cartaz","9":"first","10":"outofstock","11":"taxable","12":"shipping-taxable","13":"purchasable","14":"product-type-simple"},"jetpack_sharing_enabled":true,"_links":{"self":[{"href":"https:\/\/joaobelo.com.br\/loja\/wp-json\/wp\/v2\/product\/111","targetHints":{"allow":["GET"]}}],"collection":[{"href":"https:\/\/joaobelo.com.br\/loja\/wp-json\/wp\/v2\/product"}],"about":[{"href":"https:\/\/joaobelo.com.br\/loja\/wp-json\/wp\/v2\/types\/product"}],"replies":[{"embeddable":true,"href":"https:\/\/joaobelo.com.br\/loja\/wp-json\/wp\/v2\/comments?post=111"}],"wp:featuredmedia":[{"embeddable":true,"href":"https:\/\/joaobelo.com.br\/loja\/wp-json\/wp\/v2\/media\/112"}],"wp:attachment":[{"href":"https:\/\/joaobelo.com.br\/loja\/wp-json\/wp\/v2\/media?parent=111"}],"wp:term":[{"taxonomy":"product_brand","embeddable":true,"href":"https:\/\/joaobelo.com.br\/loja\/wp-json\/wp\/v2\/product_brand?post=111"},{"taxonomy":"product_cat","embeddable":true,"href":"https:\/\/joaobelo.com.br\/loja\/wp-json\/wp\/v2\/product_cat?post=111"},{"taxonomy":"product_tag","embeddable":true,"href":"https:\/\/joaobelo.com.br\/loja\/wp-json\/wp\/v2\/product_tag?post=111"}],"curies":[{"name":"wp","href":"https:\/\/api.w.org\/{rel}","templated":true}]}}